 i(n) = -11400*n + 4049. Is i(-11) composite?
False
Let j(u) = -7*u - 33. Let h be (-32)/20*5/2. Let f be j(h). Is ((-3)/f - 0) + 28868/70 prime?
False
Suppose -5*u + 75*i - 77*i + 5240707 = 0, 3*u + 3*i = 3144435. Is u a composite number?
False
Let o be (-1*(-11)/33)/((-1)/18). Let x(b) = -33*b**3 - 5*b**2 - 13*b - 35. Is x(o) a composite number?
False
Let c(f) = 25882*f**3 - 2*f**2 - 2*f + 3. Is c(1) a prime number?
False
Is (70852/10)/(10/(-188)*(-292)/1825) prime?
False
Let x be (-3 - (-9 - -4))*-1. Let a be (68544/(-5))/x - 50/125. Let v = a + -4401. Is v a composite number?
True
Let q = -369 - -1079. Let s(w) = 2 - w + 8*w + q*w**2 - 4*w + 0*w. Is s(-1) a composite number?
False
Suppose 79*d - 7174792 = 5294693 - 1401980. Is d a composite number?
True
Suppose -32*n = -26*n - 152376. Suppose n = 4*j - i, -5*i + 19047 = 5*j - 2*j. Is j composite?
True
Let f be -2*16976/24*-3. Suppose -4*r + m = -17999, -2*m + f = -3*r + 17737. Is r composite?
True
Suppose 7*d - 186424 = 5*d + 5*p, -93209 = -d + p. Is d composite?
True
Suppose 3*l - 6*l = -6. Let z be l/(-1)*-3*21/18. Let s(p) = 265*p - 8. Is s(z) a prime number?
True
Let v(x) = 741*x**2 + 20*x + 210. Is v(-5) prime?
False
Suppose 7*z - 29 = 13. Let f(v) = -43*v - 10. Let o(t) = -85*t - 19. Let h(r) = 5*f(r) - 3*o(r). Is h(z) prime?
False
Let s = 270476 + -159385. Is s a composite number?
False
Let y be -7 + 53/3 - 2/(-6). Let z(j) = -10*j**2 + 17. Let b(p) = 20*p**2 + p - 33. Let w(d) = 3*b(d) + 5*z(d). Is w(y) prime?
True
Let g(h) = 152*h**2 + 951. Is g(55) a composite number?
True
Let s(a) = -a**3 + 60*a**2 + 163*a + 469. Is s(-76) composite?
True
Let o(x) = 4*x**2 - 27*x - 1113. Is o(46) a composite number?
True
Let y(s) = s. Let l be y(2). Suppose -4*v - 2*o = 386, 5*v + 1797*o - 1798*o + 493 = 0. Is l - 12/7 - 272902/v a prime number?
False
Suppose 0 = -q + 5*p + 38826, q - 405*p + 402*p = 38824. Is q a composite number?
False
Suppose 5*h - 40 = h. Let n = 9 - h. Is (-11 + 12)*(212 + n) a prime number?
True
Let b be (-8203*2)/2 - (-3 + -2). Let q = b - -23289. Is q prime?
True
Is (48343 + 12/(-2))/(4/8) a prime number?
False
Suppose 0*b = -5*b + 25. Suppose b*l = -q + 24, -3*q + 0*q + l + 24 = 0. Is ((-7638)/q)/(10/(-15)) prime?
False
Suppose 4*i + 5*l - 20 = 2*l, 0 = 3*i + 3*l - 18. Suppose 0 = i*b - 2, 0 = -v - 3*b + 4 - 1. Suppose 5*o - 11*o + 5514 = v. Is o a prime number?
True
Let m(i) = 7*i**3 + 11*i**2 + 36*i + 4. Let x be m(30). Suppose 23*d - x = -7451. Is d a prime number?
False
Let l be (75/(-2))/(-3)*-6. Suppose -12*b + 50 - 1610 = 0. Let o = l - b. Is o a prime number?
False
Let x be 21/12 - (-2 - -1)/4. Suppose -31 = 3*l - 8*l - o, x*l - 26 = 3*o. Let w(i) = 9*i**3 - 8*i**2 - 11*i - 9. Is w(l) a prime number?
True
Suppose -26*p - 11*p - 3441 = 0. Let z = 28594 - p. Is z a composite number?
False
Suppose 1260978 = 3*d - 3*v, -4*d - v = -9*d + 2101650. Is d composite?
False
Suppose -14 = -2*r - 2*z + 22, 2*r - 5*z = 15. Let b = 12699 + -10182. Suppose -18*v + r*v = -b. Is v a composite number?
False
Let h(y) = 20*y**2 + 11*y + 20. Let b be h(16). Suppose 3*o = 4*l - 10631, o = 2*l - o - b. Let r = l + -1218. Is r composite?
False
Suppose -8 - 1 = 3*n, -4*z + n + 11 = 0. Suppose 4120 = -3*h - z*v + 21131, -3*h + 17003 = -2*v. Is h a composite number?
False
Suppose -56714 = -2*p - 2*b, -3*p + 37*b + 85095 = 36*b. Is p a composite number?
True
Suppose 3*z = -5*n + 21895, -13785 = -4*n + 5*z + 3731. Is n a prime number?
False
Is (1*(-181574)/2)/(77 - 78) a prime number?
True
Suppose 20*x - 5*x + 1774304 = 6918314. Is x composite?
True
Let g be 15/3*(0 + 1). Suppose w - 9 = -g*i, 4*i = -w + 5*w - 12. Suppose 0 = 3*z + j - 179, 0 = w*z - 3*z + 2*j - 63. Is z a prime number?
True
Suppose 5*b - 272040 = 5*o, 5*o - 40112 - 68753 = -2*b. Is b a prime number?
False
Suppose z - 12 = -2*i - 0*i, -i - 5*z + 15 = 0. Suppose 0 = a + 2 + 1, i*t - 14593 = -4*a. Is t composite?
True
Let l = 467 + -460. Suppose -l*s = 16020 - 52049. Is s a prime number?
True
Let n(m) = -987*m + 2. Let s be ((-5)/5)/(1/3). Is n(s) composite?
False
Let y(j) = -6729*j - 1273. Is y(-16) prime?
True
Let k(h) = -26 + 15 + 3*h + 8*h. Let v = -9 - -13. Is k(v) prime?
False
Let m = 169 + -169. Suppose m = -4*y - 6686 + 18946. Is y composite?
True
Let j be (-7 + 129/6)*1542. Suppose -66382 = -7*o - j. Is o prime?
False
Let x(c) be the third derivative of -c**4/24 + 3*c**3/2 - 8*c**2. Let s be x(14). Is 1247/(-4 - s) + -4 prime?
False
Suppose 2*x = -d + 69187, 5*d + 191312 = 3*x + 537325. Is d a composite number?
True
Is 350332/(-24)*(16 - 22) a prime number?
True
Let l be 18*(-4)/(-30)*5. Suppose -4*r = -0*a + 3*a - 18, 0 = 2*a - 5*r - l. Is 188 + 0 + a/(-2) composite?
True
Is 156092 + 18/72*-12 prime?
True
Let r(i) = 91*i**2 + 102*i - 494. Is r(5) a composite number?
True
Suppose 0 = -25*d + 21*d + 20. Is (-3)/d + 9/(90/218156) composite?
True
Suppose 1288243 = 4*y - s - 616981, 4*s - 476289 = -y. Is y a composite number?
True
Is (-3 - -5) + 306697 - (23 + -21) prime?
False
Suppose 0*v - 5 = -5*v, 4*v = -3*x + 10. Let u be 16 - 19 - 2/x. Is (-1 + 0)*(u - 0) a composite number?
True
Let o(p) = -53512*p**3 - 53*p**2 - 54*p. Is o(-1) a prime number?
False
Let w(c) = -8*c**3 + 8*c + 6112. Let h(j) = 3*j**3 - 3*j - 2037. Let f(y) = 11*h(y) + 4*w(y). Let g be f(0). Let k = g - 1038. Is k composite?
True
Let a(y) = 271*y + 57. Let k(x) = -271*x - 56. Let d(s) = 2*a(s) + 3*k(s). Let q be d(-9). Suppose g + q = 4*g - 3*f, 5*f - 1604 = -2*g. Is g composite?
False
Let z(f) = 6*f - 8 + 28 + 32028*f**3 - 12*f**2 - 32027*f**3. Let d be (-1 + 4)*(4 + 1). Is z(d) a prime number?
False
Suppose -2*s + 2 + 2 = 0. Let n = 347 + -350. Is 2/6 + (s - 2012/n) a composite number?
False
Let k(j) = 5*j + 128. Let h be k(-21). Suppose h*b - 341480 - 246791 = 0. Is b composite?
False
Is (12 - (-2258390)/(-60))*-6 a prime number?
True
Suppose 11*c + 13 = 123. Suppose 13468 = -c*k + 38*k. Is k composite?
True
Let t be (-316)/3*282/(-4). Let j = t - 585. Is j a prime number?
True
Let n(i) = 5*i**2 + 152*i + 29. Is n(22) composite?
True
Suppose -4*f = 2*u + 2346, 2*u + 2673 = 2*f + 297. Let r = -834 - u. Let l = r - -270. Is l a prime number?
True
Is ((-1185)/30 + 40)/((-2)/(-1608596)) prime?
False
Let a be -2 + (-3 - -9) - 2. Let f be a*3/2*1. Is 4592/32*(-1 + f) prime?
False
Let u = 44 - 36. Suppose 10*j + u*j - 18810 = 0. Let f = -687 + j. Is f composite?
True
Suppose 2*y = -5*k + 15, -3*y = y - 3*k - 17. Suppose -y*m + 1158 = 3*u, 5*m = 3*u - 0*m - 1158. Let p = u - -27. Is p a composite number?
True
Suppose -4*v = 3 - 27. Let w be (v/9)/(6/13203). Suppose -6*k = -15*k + w. Is k a prime number?
True
Let g = -65 - -69. Suppose -4*h - 2*v - 10906 = -26350, -g*h + 2*v + 15460 = 0. Is h prime?
True
Suppose 0 = 4*d - 4*x - 1264, -3*x - 218 - 1042 = -4*d. Suppose -7*a + d = 109. Is (-1 - a)*(1 + 3/(-2)) prime?
False
Is ((-10259)/(-4))/((-296)/(-13024)) composite?
True
Suppose -101*z + 180214 = -98*z + 5*g, z - 60068 = -g. Is z composite?
True
Let i(l) = -3*l + 40. Let t be i(12). Is t/(-6) - 157/6*-34 a composite number?
True
Let u(n) = -3880*n + 8147. Is u(-45) prime?
True
Let r be -6 + (-24)/(-3 - 1). Suppose 2*s - 4 = r, 5*l - 4*s - 19399 = 2*l. Is l prime?
True
Suppose -t = -5*r - 30444, 41*t - 4*r = 38*t + 91343. Is t prime?
True
Is (-100593)/(-3) + -4 + 1 + -1 a composite number?
True
Let k = 184 + -413. Let i = k + 2430. Is i a prime number?
False
Let s = 2942384 - 67257. Is s prime?
True
Suppose -22*j + 20*j = -5*y + 2521, 0 = 2*y + 2*j - 1014. Suppose 4*i - 6590 = -3*z - 486, 2*z - 4062 = i. Let c = z - y. Is c a composite number?
True
Let j(a) = 144*a**3 + 102*a**2 - 7*a + 36. Is j(17) a composite number?
False
Let i = 122 - 128. Is i/(-18) - 5716/18*-3 a prime number?
True
Let w(n) = 699*n - 38. Let b be w(7). Let u = 11028 - b. Is u a prime number?
True
Let x(b) = -110*b**3 + 1 - 100*b + 109*b**3 - 8*b**2 + 43*b**2. Is x(31) prime?
False
Is ((-6)/8*(-128)/(-384))/((-2)/6825304) a composite number?
True
Is 4/5 + 864745637/1435 a prime number?
False
Suppose 11*a - 515092 = 437564 + 445477. Is a a prime number?
True
Let x = 18099 - 11636. Is x prime?
False
Let n = -37 - -34. Let d be (-30 - -7)*12/n. Let w = 543 + d. Is w prime?
False
Sup